[INFO] cloning repository https://github.com/lpgo/mongodb
[INFO] running `Command { std: "git" "-c" "credential.helper=" "-c" "credential.helper=/workspace/cargo-home/bin/git-credential-null" "clone" "--bare" "https://github.com/lpgo/mongodb" "/workspace/cache/git-repos/https%3A%2F%2Fgithub.com%2Flpgo%2Fmongodb", kill_on_drop: false }`
[INFO] [stderr] Cloning into bare repository '/workspace/cache/git-repos/https%3A%2F%2Fgithub.com%2Flpgo%2Fmongodb'...
[INFO] running `Command { std: "git" "rev-parse" "HEAD", kill_on_drop: false }`
[INFO] [stdout] e1cb0272e57c4e2f0be583215ce9ec0bcf86c8ff
[INFO] checking lpgo/mongodb against master#cfbc6d4cf1acbac5c025acf8ed68929caa551df3 for pr-75494-beta
[INFO] running `Command { std: "git" "clone" "/workspace/cache/git-repos/https%3A%2F%2Fgithub.com%2Flpgo%2Fmongodb" "/workspace/builds/worker-5/source", kill_on_drop: false }`
[INFO] [stderr] Cloning into '/workspace/builds/worker-5/source'...
[INFO] [stderr] done.
[INFO] validating manifest of git repo https://github.com/lpgo/mongodb on toolchain cfbc6d4cf1acbac5c025acf8ed68929caa551df3
[INFO] running `Command { std: "/workspace/cargo-home/bin/cargo" "+cfbc6d4cf1acbac5c025acf8ed68929caa551df3" "read-manifest" "--manifest-path" "Cargo.toml", kill_on_drop: false }`
[INFO] started tweaking git repo https://github.com/lpgo/mongodb
[INFO] finished tweaking git repo https://github.com/lpgo/mongodb
[INFO] tweaked toml for git repo https://github.com/lpgo/mongodb written to /workspace/builds/worker-5/source/Cargo.toml
[INFO] crate git repo https://github.com/lpgo/mongodb already has a lockfile, it will not be regenerated
[INFO] running `Command { std: "/workspace/cargo-home/bin/cargo" "+cfbc6d4cf1acbac5c025acf8ed68929caa551df3" "fetch" "--locked" "--manifest-path" "Cargo.toml", kill_on_drop: false }`
[INFO] [stderr] error: the lock file /workspace/builds/worker-5/source/Cargo.lock needs to be updated but --locked was passed to prevent this
[INFO] [stderr] If you want to try to generate the lock file without accessing the network, use the --offline flag.
[INFO] the lockfile is outdated, regenerating it
[INFO] running `Command { std: "/workspace/cargo-home/bin/cargo" "+cfbc6d4cf1acbac5c025acf8ed68929caa551df3" "generate-lockfile" "--manifest-path" "Cargo.toml" "-Zno-index-update", kill_on_drop: false }`
[INFO] [stderr]     Blocking waiting for file lock on package cache
[INFO] running `Command { std: "/workspace/cargo-home/bin/cargo" "+cfbc6d4cf1acbac5c025acf8ed68929caa551df3" "fetch" "--locked" "--manifest-path" "Cargo.toml", kill_on_drop: false }`
[INFO] [stderr]     Blocking waiting for file lock on package cache
[INFO] [stderr]  Downloading crates ...
[INFO] [stderr]   Downloaded byteorder v0.3.13
[INFO] [stderr]   Downloaded nalgebra v0.2.23
[INFO] [stderr]   Downloaded textnonce v0.1.2
[INFO] [stderr]   Downloaded bson v0.2.1
[INFO] [stderr]   Downloaded linked-hash-map v0.0.9
[INFO] running `Command { std: "docker" "create" "-v" "/var/lib/crater-agent-workspace/builds/worker-5/target:/opt/rustwide/target:rw,Z" "-v" "/var/lib/crater-agent-workspace/builds/worker-5/source:/opt/rustwide/workdir:ro,Z" "-v" "/var/lib/crater-agent-workspace/cargo-home:/opt/rustwide/cargo-home:ro,Z" "-v" "/var/lib/crater-agent-workspace/rustup-home:/opt/rustwide/rustup-home:ro,Z" "-e" "SOURCE_DIR=/opt/rustwide/workdir" "-e" "CARGO_TARGET_DIR=/opt/rustwide/target" "-e" "CARGO_HOME=/opt/rustwide/cargo-home" "-e" "RUSTUP_HOME=/opt/rustwide/rustup-home" "-w" "/opt/rustwide/workdir" "-m" "1610612736" "--user" "0:0" "--network" "none" "rustops/crates-build-env@sha256:a636fd89d022f18117e1dc8fb37a0a009933cdbbe082814857f0e2024962d47c" "/opt/rustwide/cargo-home/bin/cargo" "+cfbc6d4cf1acbac5c025acf8ed68929caa551df3" "metadata" "--no-deps" "--format-version=1", kill_on_drop: false }`
[INFO] [stdout] 60b45c9c10b98d470ba84834a2cd64d1ae33817fb30422c23deff262b769e29b
[INFO] [stderr] WARNING: Your kernel does not support swap limit capabilities or the cgroup is not mounted. Memory limited without swap.
[INFO] running `Command { std: "docker" "start" "-a" "60b45c9c10b98d470ba84834a2cd64d1ae33817fb30422c23deff262b769e29b", kill_on_drop: false }`
[INFO] running `Command { std: "docker" "inspect" "60b45c9c10b98d470ba84834a2cd64d1ae33817fb30422c23deff262b769e29b", kill_on_drop: false }`
[INFO] running `Command { std: "docker" "rm" "-f" "60b45c9c10b98d470ba84834a2cd64d1ae33817fb30422c23deff262b769e29b", kill_on_drop: false }`
[INFO] [stdout] 60b45c9c10b98d470ba84834a2cd64d1ae33817fb30422c23deff262b769e29b
[INFO] running `Command { std: "docker" "create" "-v" "/var/lib/crater-agent-workspace/builds/worker-5/target:/opt/rustwide/target:rw,Z" "-v" "/var/lib/crater-agent-workspace/builds/worker-5/source:/opt/rustwide/workdir:ro,Z" "-v" "/var/lib/crater-agent-workspace/cargo-home:/opt/rustwide/cargo-home:ro,Z" "-v" "/var/lib/crater-agent-workspace/rustup-home:/opt/rustwide/rustup-home:ro,Z" "-e" "SOURCE_DIR=/opt/rustwide/workdir" "-e" "CARGO_TARGET_DIR=/opt/rustwide/target" "-e" "CARGO_INCREMENTAL=0" "-e" "RUST_BACKTRACE=full" "-e" "RUSTFLAGS=--cap-lints=forbid" "-e" "CARGO_HOME=/opt/rustwide/cargo-home" "-e" "RUSTUP_HOME=/opt/rustwide/rustup-home" "-w" "/opt/rustwide/workdir" "-m" "1610612736" "--user" "0:0" "--network" "none" "rustops/crates-build-env@sha256:a636fd89d022f18117e1dc8fb37a0a009933cdbbe082814857f0e2024962d47c" "/opt/rustwide/cargo-home/bin/cargo" "+cfbc6d4cf1acbac5c025acf8ed68929caa551df3" "check" "--frozen" "--all" "--all-targets" "--message-format=json", kill_on_drop: false }`
[INFO] [stderr] WARNING: Your kernel does not support swap limit capabilities or the cgroup is not mounted. Memory limited without swap.
[INFO] [stdout] a1019fccb1ffe35415fb7b56677ef2b137bc15887ee79bdef06d846578853ebc
[INFO] running `Command { std: "docker" "start" "-a" "a1019fccb1ffe35415fb7b56677ef2b137bc15887ee79bdef06d846578853ebc", kill_on_drop: false }`
[INFO] [stderr]    Compiling memchr v2.3.3
[INFO] [stderr]    Compiling getrandom v0.1.14
[INFO] [stderr]     Checking cfg-if v0.1.10
[INFO] [stderr]    Compiling gcc v0.3.55
[INFO] [stderr]     Checking lazy_static v1.4.0
[INFO] [stderr]     Checking serde v0.7.15
[INFO] [stderr]     Checking byteorder v0.3.13
[INFO] [stderr]     Checking linked-hash-map v0.0.9
[INFO] [stderr]     Checking bufstream v0.1.4
[INFO] [stderr]    Compiling num-traits v0.2.12
[INFO] [stderr]    Compiling num-integer v0.1.43
[INFO] [stderr]    Compiling num-iter v0.1.41
[INFO] [stderr]    Compiling num-bigint v0.3.0
[INFO] [stderr]    Compiling num-rational v0.3.0
[INFO] [stderr]     Checking textnonce v0.1.2
[INFO] [stderr]     Checking thread_local v0.3.6
[INFO] [stderr]     Checking rand_core v0.5.1
[INFO] [stderr]     Checking rand_chacha v0.2.2
[INFO] [stderr]     Checking aho-corasick v0.6.10
[INFO] [stderr]    Compiling rust-crypto v0.2.36
[INFO] [stderr]     Checking regex v0.2.11
[INFO] [stderr]     Checking rand v0.7.3
[INFO] [stderr]     Checking num-complex v0.3.0
[INFO] [stderr]     Checking num v0.1.42
[INFO] [stderr]     Checking chrono v0.2.25
[INFO] [stderr]     Checking scan_fmt v0.1.3
[INFO] [stderr]     Checking num v0.3.0
[INFO] [stderr]     Checking nalgebra v0.2.23
[INFO] [stdout] error[E0432]: unresolved import `rand::Rand`
[INFO] [stdout]  --> /opt/rustwide/cargo-home/registry/src/github.com-1ecc6299db9ec823/nalgebra-0.2.23/src/structs/dmat.rs:9:18
[INFO] [stdout]   |
[INFO] [stdout] 9 | use rand::{self, Rand};
[INFO] [stdout]   |                  ^^^^ no `Rand` in the root
[INFO] [stdout] 
[INFO] [stdout] 
[INFO] [stdout] error[E0432]: unresolved import `rand::Rand`
[INFO] [stdout]  --> /opt/rustwide/cargo-home/registry/src/github.com-1ecc6299db9ec823/nalgebra-0.2.23/src/structs/dvec.rs:9:18
[INFO] [stdout]   |
[INFO] [stdout] 9 | use rand::{self, Rand};
[INFO] [stdout]   |                  ^^^^ no `Rand` in the root
[INFO] [stdout] 
[INFO] [stdout] 
[INFO] [stdout] error[E0432]: unresolved import `rand::Rand`
[INFO] [stdout]   --> /opt/rustwide/cargo-home/registry/src/github.com-1ecc6299db9ec823/nalgebra-0.2.23/src/structs/vec.rs:10:12
[INFO] [stdout]    |
[INFO] [stdout] 10 | use rand::{Rand, Rng};
[INFO] [stdout]    |            ^^^^ no `Rand` in the root
[INFO] [stdout] 
[INFO] [stdout] 
[INFO] [stdout] error[E0432]: unresolved import `rand::Rand`
[INFO] [stdout]   --> /opt/rustwide/cargo-home/registry/src/github.com-1ecc6299db9ec823/nalgebra-0.2.23/src/structs/pnt.rs:10:12
[INFO] [stdout]    |
[INFO] [stdout] 10 | use rand::{Rand, Rng};
[INFO] [stdout]    |            ^^^^ no `Rand` in the root
[INFO] [stdout] 
[INFO] [stdout] 
[INFO] [stdout] error[E0432]: unresolved import `rand::Rand`
[INFO] [stdout]  --> /opt/rustwide/cargo-home/registry/src/github.com-1ecc6299db9ec823/nalgebra-0.2.23/src/structs/quat.rs:9:12
[INFO] [stdout]   |
[INFO] [stdout] 9 | use rand::{Rand, Rng};
[INFO] [stdout]   |            ^^^^ no `Rand` in the root
[INFO] [stdout] 
[INFO] [stdout] 
[INFO] [stdout] error[E0432]: unresolved import `rand::Rand`
[INFO] [stdout]  --> /opt/rustwide/cargo-home/registry/src/github.com-1ecc6299db9ec823/nalgebra-0.2.23/src/structs/mat.rs:8:12
[INFO] [stdout]   |
[INFO] [stdout] 8 | use rand::{Rand, Rng};
[INFO] [stdout]   |            ^^^^ no `Rand` in the root
[INFO] [stdout] 
[INFO] [stdout] 
[INFO] [stdout] error[E0432]: unresolved import `rand::Rand`
[INFO] [stdout]  --> /opt/rustwide/cargo-home/registry/src/github.com-1ecc6299db9ec823/nalgebra-0.2.23/src/structs/rot.rs:6:12
[INFO] [stdout]   |
[INFO] [stdout] 6 | use rand::{Rand, Rng};
[INFO] [stdout]   |            ^^^^ no `Rand` in the root
[INFO] [stdout] 
[INFO] [stdout] 
[INFO] [stdout] error[E0432]: unresolved import `rand::Rand`
[INFO] [stdout]  --> /opt/rustwide/cargo-home/registry/src/github.com-1ecc6299db9ec823/nalgebra-0.2.23/src/structs/iso.rs:7:12
[INFO] [stdout]   |
[INFO] [stdout] 7 | use rand::{Rand, Rng};
[INFO] [stdout]   |            ^^^^ no `Rand` in the root
[INFO] [stdout] 
[INFO] [stdout] 
[INFO] [stdout] error[E0432]: unresolved import `rand::Rand`
[INFO] [stdout]  --> /opt/rustwide/cargo-home/registry/src/github.com-1ecc6299db9ec823/nalgebra-0.2.23/src/structs/spec/vec0.rs:6:12
[INFO] [stdout]   |
[INFO] [stdout] 6 | use rand::{Rand, Rng};
[INFO] [stdout]   |            ^^^^ no `Rand` in the root
[INFO] [stdout] 
[INFO] [stdout] 
[INFO] [stdout] error: aborting due to 9 previous errors
[INFO] [stdout] 
[INFO] [stdout] 
[INFO] [stdout] For more information about this error, try `rustc --explain E0432`.
[INFO] [stdout] 
[INFO] [stderr] error: could not compile `nalgebra`.
[INFO] [stderr] 
[INFO] [stderr] To learn more, run the command again with --verbose.
[INFO] [stderr] warning: build failed, waiting for other jobs to finish...
[INFO] [stderr] error: build failed
[INFO] running `Command { std: "docker" "inspect" "a1019fccb1ffe35415fb7b56677ef2b137bc15887ee79bdef06d846578853ebc", kill_on_drop: false }`
[INFO] running `Command { std: "docker" "rm" "-f" "a1019fccb1ffe35415fb7b56677ef2b137bc15887ee79bdef06d846578853ebc", kill_on_drop: false }`
[INFO] [stdout] a1019fccb1ffe35415fb7b56677ef2b137bc15887ee79bdef06d846578853ebc
